y(38).
-483
Let o(g) = -g**2 - 755*g - 768. Give o(-1).
-14
Let k(w) = 42*w**2 - 1927*w - 215. Determine k(46).
15
Let n(t) = t**2 - 242*t - 2165. Calculate n(-9).
94
Let v(j) = 11299*j + 158192. What is v(-14)?
6
Let r(a) = -2*a**3 - 4470*a**2 + 31416*a + 62780. Give r(-2242).
4
Let t(l) = -l**3 - 132*l**2 - 1805*l + 5953. Determine t(-116).
37
Let c(i) = 3*i**3 - 446*i**2 + 319*i + 465. Determine c(148).
3869
Let x(h) = -22*h**3 - 441*h**2 - 6*h + 30. Give x(-20).
-250
Let k(w) = 10*w**3 + 4519*w**2 - 472*w - 9040. Determine k(-452).
0
Let d(n) = 124*n + 8963. Give d(-71).
159
Let c(h) = -h**3 + 28*h**2 - 1416*h + 23661. What is c(19)?
6
Let u(m) = 4468*m - 22012. Determine u(5).
328
Let r(g) = 3*g**2 - 87*g - 734. Determine r(31).
-548
Let b(q) = -q**3 - 6*q**2 + 69*q - 46. Calculate b(0).
-46
Let v(l) = 344*l**2 - 5348*l - 14. Calculate v(16).
2482
Let c(j) = -6*j**3 - 3745*j**2 - 614*j + 6231. What is c(-624)?
-9
Let j(d) = -383*d**2 - 136732*d - 344. Give j(-357).
13
Let w(k) = -122*k**2 - 16*k + 137. Give w(-2).
-319
Let s(n) = -9*n**2 - 920*n - 16348. Calculate s(-23).
51
Let a(k) = -k**3 + 3*k**2 + 335*k + 31. Give a(0).
31
Let z(d) = -127*d**2 - 12432*d + 12432. What is z(1)?
-127
Let y(h) = -h**2 - 342*h - 26776. Calculate y(-140).
1504
Let k(s) = -2*s**3 - 108*s**2 + 50*s + 8233. Determine k(-53).
-35
Let a(u) = u**3 + 260*u**2 - 499*u + 6831. Calculate a(-262).
281
Let r(m) = 6*m**2 + 322*m + 2743. What is r(-43)?
-9
Let w(a) = -2*a**2 - 336*a - 8393. What is w(-30)?
-113
Let r(z) = 19*z**2 - 161*z + 298. Determine r(6).
16
Let r(m) = 31*m**3 - 108*m**2 - 50*m + 193. Calculate r(4).
249
Let n(d) = 43*d**3 + 559*d**2 - 22*d - 355. Calculate n(-13).
-69
Let b(d) = -12255*d - 784315. Determine b(-64).
5
Let c(g) = -g**3 + 51*g**2 - 363*g + 21586. Give c(52).
6
Let z(g) = g**3 - 183*g**2 - 2925*g + 153442. What is z(194)?
-12
Let a(u) = -38221*u - 1566873. Give a(-41).
188
Let i(w) = -2*w**3 - 530*w**2 - 5590*w - 333. Calculate i(-254).
175
Let b(k) = 120*k**2 - 1642*k + 50. Determine b(12).
-2374
Let m(s) = 3*s**2 - 300*s + 4053. Determine m(78).
-1095
Let c(j) = -1591*j + 4701. Give c(3).
-72
Let l(z) = z**2 + 2*z - 172. Give l(-15).
23
Let n(p) = 7*p**3 - 494*p**2 + 1226*p - 151. Determine n(68).
-15
Let m(x) = 3*x**3 + 295*x**2 + 1484*x - 447. Calculate m(-93).
-75
Let n(g) = -g**2 - 150464*g + 2106683. Give n(14).
-9
Let x(t) = -8*t**3 - 253*t**2 + 195*t + 2660. Calculate x(-32).
-508
Let y(x) = 3092*x + 2105655. Give y(-681).
3
Let q(v) = -2*v**3 - 115*v**2 + 186*v + 529. Determine q(-59).
-2
Let i(m) = -2*m**2 - 1490*m + 16642. What is i(11)?
10
Let i(j) = -1703*j + 17337. Determine i(10).
307
Let d(u) = -738*u - 47291. Give d(-64).
-59
Let j(n) = -146520*n + 586073. What is j(4)?
-7
Let u(p) = -p**3 + 175*p - 532. Determine u(4).
104
Let j(v) = 115000*v + 114977. Give j(-1).
-23
Let f(g) = -3*g**2 + 17197*g - 68780. What is f(4)?
-40
Let b(s) = s**3 + 140*s**2 - 320*s - 5093. Determine b(-142).
19
Let s(c) = -46*c**2 - 637*c - 3. Determine s(0).
-3
Let c(t) = -28689*t + 28647. What is c(1)?
-42
Let u(x) = 559*x + 13293. Determine u(-21).
1554
Let r(d) = 2*d**2 + 2164*d - 28314. Determine r(13).
156
Let p(y) = y**3 + 22*y**2 + 296*y + 3223. Give p(-16).
23
Let h(z) = 7*z**2 - 16030*z + 521379. Calculate h(33).
12
Let x(a) = 2*a**3 - 38*a**2 - 1303*a + 24822. Calculate x(19).
65
Let o(q) = 62994*q - 377673. What is o(6)?
291
Let f(i) = -5*i**2 + 726*i - 24837. What is f(90)?
3
Let k(g) = g**2 + 4974*g + 64738. Calculate k(-13).
245
Let g(t) = 555*t + 82065. Calculate g(-152).
-2295
Let d(v) = -v**3 - 3*v**2 - 46*v + 128. Calculate d(7).
-684
Let n(d) = -7*d**3 + 2581*d**2 - 1704*d - 50049. Determine n(368).
-1
Let o(x) = -x**2 + 231*x - 10401. Determine o(47).
-1753
Let j(l) = 2*l**3 - 17*l**2 + 946*l - 7517. What is j(8)?
-13
Let y(j) = 139*j - 52398. What is y(377)?
5
Let p(g) = 2*g**3 + 231*g**2 + 95*g - 100345. Calculate p(-111).
-1
Let x(p) = -647*p - 65985. Give x(-102).
9
Let p(t) = -326*t**3 - 12*t**2 - 53*t - 43. Give p(-1).
324
Let x(y) = -1783*y - 1244. What is x(-1)?
539
Let m(o) = o**3 - 605*o**2 + 2270*o + 80538. Give m(601).
4
Let r(x) = -219422*x + 658304. Give r(3).
38
Let k(s) = 2*s**3 + s**2 - 51*s - 16. What is k(-9)?
-934
Let x(k) = -k**3 + 23*k**2 + 531*k - 26. What is x(-15)?
559
Let m(u) = 1833592*u + 1833593. Calculate m(-1).
1
Let c(s) = -451*s - 4536. Determine c(-10).
-26
Let f(q) = 32659*q + 1306436. Calculate f(-40).
76
Let c(q) = q**2 - 191*q + 7563. Give c(138).
249
Let l(j) = -7*j**2 + 673*j - 3326. Calculate l(5).
-136
Let q(r) = 65*r**3 - 527*r - 2515. Calculate q(-5).
-8005
Let w(c) = 3584*c + 14516. Give w(-4).
180
Let f(v) = -216*v + 11053. Determine f(48).
685
Let q(k) = 5*k**2 - 3520*k + 384070. Calculate q(135).
-5
Let a(g) = 9092*g**2 + 109112*g - 30. Determine a(-12).
-126
Let s(q) = 1071*q - 1394417. Determine s(1302).
25
Let o(n) = -33*n**2 - 591*n - 2593. Calculate o(-7).
-73
Let x(t) = -3*t**2 + 18792*t + 794557. What is x(-42)?
1
Let w(v) = -15871*v**2 + 111097*v + 17. Determine w(7).
17
Let x(g) = g**3 + 49*g**2 + 96*g - 214. Calculate x(-47).
-308
Let a(x) = -2*x**2 + 66*x + 3632. What is a(-29)?
36
Let h(s) = -s**2 + 1343*s - 27747. Give h(21).
15
Let o(k) = -k**3 + 168*k**2 + 2114*k - 328709. Determine o(169).
-4
Let a(f) = -f**3 + 17*f**2 - 26*f + 387. Determine a(18).
-405
Let c(t) = t**2 + 111*t - 4933. What is c(-142)?
-531
Let d(h) = 17*h**3 + 45*h**2 + 218*h - 1. What is d(-6)?
-3361
Let a(c) = -18*c**2 - 1175*c + 1712. Calculate a(-67).
-365
Let g(v) = 3*v**3 - 39129*v**2 + 390988*v + 9. Determine g(10).
-11
Let p(l) = 620*l + 127543. Determine p(-205).
443
Let u(m) = -1822*m + 136636. Determine u(75).
-14
Let a(d) = d**3 + 36*d**2 - 76*d - 412. Calculate a(-38).
-412
Let k(t) = -113*t**2 - 120*t - 86. Calculate k(-4).
-1414
Let j(t) = 4*t**2 - 3474*t - 31595. Give j(-9).
-5
Let a(n) = 197048*n - 33695204. Give a(171).
4
Let k(h) = -32*h**3 + 927*h**2 + 21*h + 226. Give k(29).
-6
Let w(m) = -4*m**2 + 648*m - 6165. Calculate w(151).
479
Let z(w) = 300*w**2 + 37791*w - 673. Give z(-126).
461
Let m(b) = 637*b - 6328. Determine m(10).
42
Let w(a) = 3671*a - 3263506. Calculate w(889).
13
Let t(d) = -d**3 - 7*d**2 - 4124*d + 25218. What is t(6)?
6
Let p(a) = a**3 - 45*a**2 - a + 106. What is p(45)?
61
Let u(v) = 2*v**3 + 113*v**2 - 173*v - 6628. Calculate u(-57).
-16
Let n(l) = -508*l - 170. Calculate n(-1).
338
Let m(z) = 16669*z**2 + 133367*z + 118. Calculate m(-8).
-2
Let p(c) = -c**3 - 43*c**2 + 77*c - 723. Calculate p(-45).
-138
Let w(t) = 1493*t**2 - 4495*t + 91. Determine w(3).
43
Let c(r) = 5*r**2 - 16019*r + 80050. Give c(5).
80
Let z(d) = -15015*d - 270285. Calculate z(-18).
-15
Let c(g) = -g**2 + 28*g + 5291. Calculate c(88).
11
Let i(z) = -42659*z + 128073. Determine i(3).
96
Let b(f) = -5*f**2 - 155*f + 176. Calculate b(-32).
16
Let x(p) = -p**2 - 3007*p + 221699. Calculate x(72).
11
Let u(l) = 3559735*l - 28477869. Calculate u(8).
11
Let g(x) = x**3 - x**2 + 3478*x + 7. What is g(0)?
7
Let h(z) = z**2 + 152*z - 9902. What is h(-202)?
198
Let r(g) = 2*g**3 - 27*g**2 + 22115*g - 264948. Determine r(12).
0
Let g(i) = i**2 + 52*i + 50. What is g(-40)?
-430
Let x(t) = -4*t**3 - 868*t**2 + 6. Determine x(-217).
6
Let j(l) = 125*l - 13688. Determine j(108).
-188
Let z(q) = -8347*q + 400665. What is z(48)?
9
Let l(w) = -2*w**3 - 4088*w**2 + 4439*w + 713694. Give l(-2045).
-11
Let k(c) = -7*c**2 - 269*c - 2168. What is k(-12)?
52
Let i(j) = j**2 + 22139*j + 6. Give i(0).
6
Let k(o) = 26245*o + 52186. Calculate k(-2).
-304
Let c(t) = t**3 + 191*t**2 - 11473*t - 504. Determine c(-239).
-265
Let u(p) = -16*p**2 - 86*p - 4. Determine u(-6).
-64
Let p(s) = -s**3 - 223*s**2 + 40676*s - 7519. Calculate p(-342).
5
Let b(x) = -3*x**3 - 31*x**2 + 3*x - 18. What is b(-10)?
-148
Let v(w) = 2182*w + 349819. Calculate v(-160).
699
Let w(b) = -12*b**2 - 1054*b - 1803. Give w(-85).
1087
Let c(v) = -17*v**2 + 1492*v + 1510. Calculate c(88).
1158
Let d(i) = -2176*i**2 + 809470*i + 734. Calculate d(372).
-10
Let h(x) = -66806*x - 3073053. Calculate h(-46).
23
Let t(h) = -110*h - 8898. Determine t(-78).
-318
Let w(r) = -r**3 + 16*r**2 - 141*r + 966. Calculate w(9).
264
Let i(j) = -17*j*